.
15
Evaluate 25 - 158 - -31 - -38 - 29.
-93
What is the value of -67 + -9 + 6 + (26 - (16 - 0))?
-60
39 + -75 + 33 + 60 + -20
37
Evaluate 148 - (-86 + 182 - 35).
87
Calculate 54 + (14 - (-37 - -28) - -22).
99
Evaluate -51 + 11 + -10 + 38 + 0 + 17.
5
What is 6879 + -6814 + -23 + -1?
41
What is -37 - -37 - (2 - 39 - -7)?
30
Calculate -2 + 4 + -4 + (139 - (-48 + 31 - -38)).
116
What is the value of (0 - 23) + (35 - (-47 + 83))?
-24
What is 49 + (-55 - -74) + -102?
-34
Calculate (-82 + 88 - 87) + (0 - 5).
-86
-1 - 8 - (1505 + -1479)
-35
What is the value of 115 + -30 - (6 - -26)?
53
Calculate 7 + (5 - 61) + (-2 - (10 - 15)).
-46
What is the value of 4 + 38 + (4 - -4)?
50
Evaluate -4 + (18 - 9 - (-1 + 3)) + 43.
46
Evaluate -2 + (21 - (-14 + 24) - 3).
6
47 + (-275 + 287 - (4 + -4 + 11))
48
What is the value of -11 + -5 + 6 + (2 - -6) + -8?
-10
What is the value of (-101 - -58 - -33) + 18?
8
What is the value of 18 - (12 + (-10 - -3)) - 28?
-15
Evaluate 74 - 78 - (1 + 2 + -20) - 70.
-57
What is (-50 - -42) + 4 + 6 + (56 - -4) - 8?
54
Calculate (1 - (-36 + -1)) + (281 - 301).
18
Calculate (-115 - (43 + -143)) + (5 - -1).
-9
What is 55 + 1 - (247 - 176)?
-15
Evaluate -40 + (-2 - 5) - ((6 + 5 - 5) + -13).
-40
What is 10 + 2 - (11 + 7 + (-13 - -1)) - 56?
-50
What is -3 + -36 - ((197 - 407) + 247)?
-76
What is the value of (-4 + 86 - -27) + -70?
39
-110 + 79 - -36 - (6 + (-1 - 2) - -1)
1
Calculate (20 - 46 - -20) + -20 + 2.
-24
What is 313 - 356 - (-4 - 45)?
6
What is 15 + 8 + 0 + -1 + 26 + -16?
32
What is the value of (-48 + 25 - 45) + (34 - -1)?
-33
What is 146 - (126 - 57) - 75?
2
What is the value of 33 + 52 + -120 + 66?
31
What is the value of (0 - (3 + -32)) + -693 + 672?
8
9 + -44 - -39 - ((15 - -3) + 10)
-24
2 + -11 + 23 + -14 + 78 + -15
63
(81 - 1) + (2770 - 2843)
7
Calculate (0 - 9) + 18 + 40 + -69 + -2.
-22
1 + (-1 - 24 - -4) + 30
10
Calculate 58 - (-1 + 0 - (-21 + 6 + (-5 - -14))).
53
Evaluate 19 - -7 - 8 - 79 - (-12 - 1).
-48
What is 2 - -50 - -1 - (-5738 - -5715)?
76
Evaluate -1 + -2 + 0 + -55 + (122 - 23) - 0.
41
Calculate -48 - (-10 + (9 + 0 - (-1 + 8))).
-40
What is 4 - (34 + -22) - -31?
23
63 + -25 + 12 + -15 + 13
48
What is 12 + 22 + -8 - (-21 - -19)?
28
What is 13 - (152 + -58) - (2 + -23)?
-60
What is -5 + ((38 - 20) + -17 - (-1 - 19))?
16
What is -61 + (6 - 105) + 88?
-72
Calculate 0 + -53 - (1293 - 1328).
-18
What is -14 + 119 + -91 + -72?
-58
Calculate 2 + 42 + -29 + 2 + (-1 - -52).
68
What is the value of 34 + (11 - 17 - 42)?
-14
Calculate 1 - -15 - (-38 + -1 - (8332 - 8238)).
149
Calculate (-10 - (4 + -38)) + -2 + 29 + -28.
23
What is the value of -378 + 395 + (-89 - 5)?
-77
531 + -561 + 1 + 1
-28
What is (-16 - -6) + 9 + 11 - 14?
-4
What is (8 - (12 + 34)) + 88 + 8?
58
What is -11 + (-20 - -37) + (4 - (-20 + -4) - -2)?
36
What is the value of 77 + -2 + (15 - -7 - 32) + (10 - -6)?
81
-25 + 17 + (4 - -7) + -8 + 0
-5
What is the value of 33 + (15 - (-71 - -142))?
-23
-10 - (9 + 0 + (4 + -4 - 2 - 1))
-16
Evaluate -38 - (-1 + 16 - 15) - -10.
-28
Calculate -39 - 63 - -66 - 52.
-88
-14 - (-1 + 63 + 127 + -140)
-63
Evaluate -34 + (19 - 20) - (-18 + 1).
-18
57 + -28 - (-95 - -21)
103
What is the value of 22 + (34 - (16 - (-15 - -15)))?
40
Calculate 4 + 1 + (1 - (-2 + 13 - -4)).
-9
What is the value of 116 + -245 + 113 - -96?
80
-9 - (-35 + 14) - (-1 - (-9 + -6))
-2
What is -1 + (-8 - 2) - -3 - (-27 + 40)?
-21
What is -39 - (-31 - (59 - -7))?
58
What is 79 + (26 - 63) + -39?
3
What is -2000 + 2007 + (-19 - (-1 + 1))?
-12
(2 - -72 - -3 - -1) + -3286 + 3296
88
What is the value of (7 - ((-6 - -7) + 1)) + (-12 - -18)?
11
What is (-3 - 90 - -103) + 29 + (1 - 3)?
37
Evaluate (-1 - -7) + ((-8 - -8) + -25 - -105).
86
What is 79 + (87 + -53 + -36 - (0 + 13))?
64
Calculate -14 + 1 + 22 + (-190 - -206).
25
What is the value of (-5 - -2) + -8 + (14 - 15) + 40?
28
92 - 14 - (-11 + -32 + 52)
69
Calculate -3 - -11 - (-38 + 47 - -10).
-11
Calculate -29 - ((31 + -16 - 5) + 1 + 2).
-42
-149 - -72 - -78 - (2 - 0 - -19)
-20
What is -7764 - -7803 - (1 + -1 + 23)?
16
(20 - 4) + (-55 - -38) - 3
-4
Evaluate -7 - (-38 + -37 + 25).
43
0 + 3 + (-20 - (-25 + 7)) + -8 + -13
-20
What is the value of -90 + 97 + (-3 - 3) - 19?
-18
What is the value of 22 + (143 - 113 - -48)?
100
What is the value of -1 + 65 + 7 + (67 - 33)?
105
Evaluate (10 - 48 - -26) + -24.
-36
-1899 - -1897 - (-4 - -3 - (55 - -3))
57
What is 12 + -11 + 1 + -1 - (3 + -7)?
5
What is (113 + -103 - (0 + 1)) + -51?
-42
What is -23 - -20 - (0 + 2 + -1 - (-28 + 65))?
33
What is the value of 48 + (-12 - (8 + -35)) + -3 - 14?
46
-9 - (-168 + 54 - -64)
41
What is 39 - -3 - 1 - (-152 - -157) - -15?
51
-36 + (16 - (-4 + 17)) + 12 - 1
-22
What is the value of -46 - (27 + 101 + -194)?
20
What is the value of -23 + (29 + -39 - 16)?
-49
Evaluate -223 + 269 - (1 + 28).
17
What is (-15 - 35) + 39 + (0 - (-1 + -3) - 26)?
-33
What is the value of -3 + (7 - (-9 - -11)) - (6 + -8 + -1)?
5
What is the value of 49 - ((-52 - -10) + 34)?
57
What is 24 + (1 - 21) + 1 + 5?
10
Evaluate 21 + (-30 - -15) + 8 + -56 + 1.
-41
Evaluate 16 + 0 - (32 + (31 - 128) + 15).
66
Evaluate -36 + ((-5 - -11) + 6 - ((-1 - -17) + -10)).
-30
3 - (-12 + 11) - 4 - (6 + (2 - 45))
37
Evaluate 6 - -23 - ((48 - 71) + 0).
52
74 - (98 + -108 + -1)
85
What is 1 - (173 - (-10 + 95))?
-87
(5229 - 5007) + (0 - 142)
80
(-2 + -3 - -123) + 5 + (-470 - -469)
122
Evaluate (22 - 13) + -8 - (4 - (-17 + 6)).
-14
What is the value of -7 + 23 + 136 + -107?
45
Evaluate (-43 - (-58 - -49 - (2 + -1 - 23))) + 7.
-49
Calculate 105 + (-89 - (-97 + 137)).
-24
Calculate -7 - (8 + -6) - (214 + -237) - -88.
102
Calculate -49 - -51 - -56 - 45.
13
What is the value of 4 - (42 - (13 - 18)) - (-2 + 11 - 0)?
-52
-2 + (-43 + 17 + 62 - (-3 - -11))
26
Calculate (7 - 66) + 3 + -8 + (-39 - -43) + 9.
-51
Calculate 24 + (1 + -10 - (-27 - -14)).
28
Calculate 27 + (-103 + 51 - -19).
-6
What is the value of 28 + (-43 - (6 + -10)) + (2 - -51)?
42
Calculate -63 + 291 + -20 - 141.
67
What is the value of (24 - (57 + -13)) + 0 - 48?
-68
Calculate 17 - (30 - (-28 + 55)) - 22.
-8
864 + -870 - (1 - -1 - 2) - -57
51
Evaluate -20 + (-38 + 80 - 49) + 56.
29
Calculate -45 + 54 - (-39 - -85).
-37
8 + (36 - (-15 - (-59 - -22)))
22
44 - -2 - (-197 + 194 + (-4 - -2 - 0))
51
Calculate -10 - ((-7 + 5 - -7) + -1 + -38 - -4).
20
Evaluate (-222 - -254) + -30 + -3 - (1 + -69).
67
Calculate -22 - (58 - (5 - (-7 - 8))).
-60
-2 - -1 - 39 - ((-54 - -26) + 14 - -19)
-45
9 + (19 - (-93 + 11))
110
What is 1270 - 1259 - (0 - (19 - -1))?
31
What is (25 - ((-9 - -24 - 4) + 2)) + 33?
45
Calculate -9 - ((15 - 26) + 9 - -24).
-31
Calculate (12 + 5 - 5) + -13 + 15 + -21.
-7
What is the value of -8 + (2 - (7 - (2 + (4 - -5))))?
-2
What is the value of 13 - 19 - (-7 + 2) - ((-13 - -13) + 20)?
-21
Calculate (45 - -1) + -538 + 504.
12
Calculate -64 + 57 - (-32 + 3).
22
Calculate -9 + (0 + 1 + -2 - (-66 - (-135 - -61))).
-18
Calculate -4 + 0 + 8 + -5 + 97 + 2 + -8.
90
What is the value of -9 + 9 + -11 - 2 - 6?
-19
Evaluate 96 - (-10 - (21 + -16) - -15).
96
4 + (33 - 25) - 0
12
What is the value of (5 - 14) + 84 + 9 + (-15 - -3 - 0)?
72
What is -64 + (0 - (0 + 15) - (290 - (-250 - -554)))?
-65
Calculate 16 - (10 + (-7 - 7)) - (0 - -12).
8
What is 6 - 13 - (-8 - 7) - (16 - -31 - -20)?
-59
Evaluate -37 + (1 + 39 - -40).
43
What is 117 - (86 + 138 + -109)?
2
76 + -7 + (52 - (-11 + 24))
108
Evaluate -14 + (-10 - (-29 + 26)) + 15.
-6
What is (-17 - (-6 - (30 - 34))) + (-14 - -1)?
-28
What is the value of 3 - 0 - 1 - (95 - (114 + -41))?
-20
Calculate -1267 - -1238 - (-1 - 4) - (0 + -10).
-14
What is (-48 - (-18 + (-57 - -40))) + (-1 - -82)?
68
What is the value of 9 - -2 - (2 + -1) - (8 + -4)?
6
What is 11 - (11 - ((7 - 8) + -9)) - -8 - -119?
117
(-8 - 19) + 9 + -2 + 4 - 57
-73
What is the value of (-11 + 56 + 20 + -22 - 17) + -6 + 0?
20
Evaluate 16 + (36 - (-1 + 27)).
26
What is -13 + 32 + (-3 + (-4 - 2) - (28 - 33))?
15
23 - (-19 + 8 + 6 - (24 - 19))
33
What is -170 + -2 - (58 - 80 - (3 + -1))?
-148
What is -12 + (10 - (-8 + 8 + (18 - 1)))?
-19
Calculate -109 - (-34 + 17 - 44).
-48
8 - -150 - (4 - (-17 + -8))
129
-5 + -29 + -19 - 2
-55
Evaluate 8 - (18 - (-3 - 8 - -5)).
-16
What is the value of 0 - -13 - -9 - 7 - (16 + 5)?
-6
What 